{"id":5068,"date":"2025-02-02T11:23:59","date_gmt":"2025-02-02T10:23:59","guid":{"rendered":"https:\/\/www.samie38.fr\/?page_id=5068"},"modified":"2025-02-02T11:29:21","modified_gmt":"2025-02-02T10:29:21","slug":"table-ronde-avril-2025","status":"publish","type":"page","link":"https:\/\/www.samie38.fr\/index.php\/table-ronde-avril-2025\/","title":{"rendered":"Table ronde avril 2025"},"content":{"rendered":"\t\t<div data-elementor-type=\"wp-page\" data-elementor-id=\"5068\" class=\"elementor elementor-5068\" data-elementor-post-type=\"page\">\n\t\t\t\t\t\t<section class=\"elementor-section elementor-top-section elementor-element elementor-element-ff3ad3d elementor-section-boxed elementor-section-height-default elementor-section-height-default\" data-id=\"ff3ad3d\" data-element_type=\"section\" data-e-type=\"section\">\n\t\t\t\t\t\t<div class=\"elementor-container elementor-column-gap-default\">\n\t\t\t\t\t<div class=\"elementor-column elementor-col-100 elementor-top-column elementor-element elementor-element-6628ba3\" data-id=\"6628ba3\" data-element_type=\"column\" data-e-type=\"column\">\n\t\t\t<div class=\"elementor-widget-wrap elementor-element-populated\">\n\t\t\t\t\t\t<div class=\"elementor-element elementor-element-94257d3 elementor-widget elementor-widget-heading\" data-id=\"94257d3\" data-element_type=\"widget\" data-e-type=\"widget\" data-widget_type=\"heading.default\">\n\t\t\t\t<div class=\"elementor-widget-container\">\n\t\t\t\t\t<h2 class=\"elementor-heading-title elementor-size-default\">La table ronde<\/h2>\t\t\t\t<\/div>\n\t\t\t\t<\/div>\n\t\t\t\t\t<\/div>\n\t\t<\/div>\n\t\t\t\t\t<\/div>\n\t\t<\/section>\n\t\t\t\t<section class=\"elementor-section elementor-top-section elementor-element elementor-element-38ab07e elementor-section-boxed elementor-section-height-default elementor-section-height-default\" data-id=\"38ab07e\" data-element_type=\"section\" data-e-type=\"section\">\n\t\t\t\t\t\t<div class=\"elementor-container elementor-column-gap-default\">\n\t\t\t\t\t<div class=\"elementor-column elementor-col-100 elementor-top-column elementor-element elementor-element-98fb1d3\" data-id=\"98fb1d3\" data-element_type=\"column\" data-e-type=\"column\">\n\t\t\t<div class=\"elementor-widget-wrap elementor-element-populated\">\n\t\t\t\t\t\t<div class=\"elementor-element elementor-element-f9ae7b7 elementor-widget elementor-widget-text-editor\" data-id=\"f9ae7b7\" data-element_type=\"widget\" data-e-type=\"widget\" data-widget_type=\"text-editor.default\">\n\t\t\t\t<div class=\"elementor-widget-container\">\n\t\t\t\t\t\t\t\t\t<h3>Nous vous proposons une<\/h3><h3><span style=\"color: #99cc00;\">table ronde de 18h30 \u00e0 20h30 le samedi 12 avril 2025.<\/span><\/h3><p>Cette table ronde se tiendra dans l&rsquo;espace conf\u00e9rence.<\/p><div>L&rsquo;objectif est de proposer une r\u00e9ponse \u00e0 360\u00b0 sur une probl\u00e9matique donn\u00e9e, de cr\u00e9er et d\u2019ouvrir sur des \u00e9changes pluridisciplinaires.<\/div><div>\u00a0<\/div><div>Nous avons identifi\u00e9 4 domaines principaux\u00a0:<\/div><ul><li>\u00c9nerg\u00e9tique<\/li><li>Corporel<\/li><li>Environnemental<\/li><li>D\u00e9veloppement personnel\u00a0: astrologie, num\u00e9rologie, cartomancie, coaching\u2026<\/li><\/ul><p>\u00a0<\/p><div>Chaque visiteur d\u00e9sireux de participer \u00e0 la table ronde pourra proposer une question. Elles seront not\u00e9es par \u00e9crit \u00e0 l\u2019accueil tout au long de la journ\u00e9e de samedi.<\/div><div>\u00a0<\/div><div>Lors de la table ronde, une question sera tir\u00e9e au sort. L\u2019animateur demandera aux intervenants, de proposer une r\u00e9ponse en lien avec sa sp\u00e9cialit\u00e9.<\/div><div>\u00a0<\/div><div>Chaque question sera trait\u00e9e pendant environ 15 minutes. L\u2019id\u00e9e n\u2019est pas de solutionner cette question mais de proposer des pistes en lien avec les sp\u00e9cialit\u00e9s respectives des intervenants.<\/div><div>\u00a0<\/div><div>Tout d\u00e9pend donc de votre participation, par vos questions et votre pr\u00e9sence samedi en fin de journ\u00e9e.<\/div><div>\u00a0<\/div><div>Nous esp\u00e9rons que cette id\u00e9e saura vous s\u00e9duire et que vous serez nombreux \u00e0 \u00eatre pr\u00e9sent \u00e0 cette table ronde.<\/div>\t\t\t\t\t\t\t\t<\/div>\n\t\t\t\t<\/div>\n\t\t\t\t\t<\/div>\n\t\t<\/div>\n\t\t\t\t\t<\/div>\n\t\t<\/section>\n\t\t\t\t<\/div>\n\t\t","protected":false},"excerpt":{"rendered":"<p>La table ronde Nous vous proposons une table ronde de 18h30 \u00e0 20h30 le samedi 12 avril 2025. Cette table ronde se tiendra dans l&rsquo;espace conf\u00e9rence. L&rsquo;objectif est de proposer une r\u00e9ponse \u00e0 360\u00b0 sur une probl\u00e9matique donn\u00e9e, de cr\u00e9er et d\u2019ouvrir sur des \u00e9changes pluridisciplinaires.\u00a0Nous avons identifi\u00e9 4 domaines principaux\u00a0: \u00c9nerg\u00e9tique Corporel Environnemental D\u00e9veloppement [&hellip;]<\/p>\n","protected":false},"author":1,"featured_media":0,"parent":0,"menu_order":0,"comment_status":"closed","ping_status":"closed","template":"elementor_header_footer","meta":{"footnotes":""},"class_list":["post-5068","page","type-page","status-publish","hentry"],"yoast_head":"<!-- This site is optimized with the Yoast SEO plugin v27.4 - https:\/\/yoast.com\/product\/yoast-seo-wordpress\/ -->\n<title>Table ronde avril 2025 - Samie - Le salon du mieux-\u00eatre<\/title>\n<meta name=\"robots\" content=\"index, follow, max-snippet:-1, max-image-preview:large, max-video-preview:-1\" \/>\n<link rel=\"canonical\" href=\"https:\/\/www.samie38.fr\/index.php\/table-ronde-avril-2025\/\" \/>\n<meta property=\"og:locale\" content=\"fr_FR\" \/>\n<meta property=\"og:type\" content=\"article\" \/>\n<meta property=\"og:title\" content=\"Table ronde avril 2025 - Samie - Le salon du mieux-\u00eatre\" \/>\n<meta property=\"og:description\" content=\"La table ronde Nous vous proposons une table ronde de 18h30 \u00e0 20h30 le samedi 12 avril 2025. Cette table ronde se tiendra dans l&rsquo;espace conf\u00e9rence. L&rsquo;objectif est de proposer une r\u00e9ponse \u00e0 360\u00b0 sur une probl\u00e9matique donn\u00e9e, de cr\u00e9er et d\u2019ouvrir sur des \u00e9changes pluridisciplinaires.\u00a0Nous avons identifi\u00e9 4 domaines principaux\u00a0: \u00c9nerg\u00e9tique Corporel Environnemental D\u00e9veloppement [&hellip;]\" \/>\n<meta property=\"og:url\" content=\"https:\/\/www.samie38.fr\/index.php\/table-ronde-avril-2025\/\" \/>\n<meta property=\"og:site_name\" content=\"Samie - Le salon du mieux-\u00eatre\" \/>\n<meta property=\"article:publisher\" content=\"https:\/\/www.facebook.com\/samie38\/\" \/>\n<meta property=\"article:modified_time\" content=\"2025-02-02T10:29:21+00:00\" \/>\n<meta name=\"twitter:card\" content=\"summary_large_image\" \/>\n<meta name=\"twitter:label1\" content=\"Dur\u00e9e de lecture estim\u00e9e\" \/>\n\t<meta name=\"twitter:data1\" content=\"1 minute\" \/>\n<script type=\"application\/ld+json\" class=\"yoast-schema-graph\">{\"@context\":\"https:\\\/\\\/schema.org\",\"@graph\":[{\"@type\":\"WebPage\",\"@id\":\"https:\\\/\\\/www.samie38.fr\\\/index.php\\\/table-ronde-avril-2025\\\/\",\"url\":\"https:\\\/\\\/www.samie38.fr\\\/index.php\\\/table-ronde-avril-2025\\\/\",\"name\":\"Table ronde avril 2025 - Samie - Le salon du mieux-\u00eatre\",\"isPartOf\":{\"@id\":\"https:\\\/\\\/www.samie38.fr\\\/#website\"},\"datePublished\":\"2025-02-02T10:23:59+00:00\",\"dateModified\":\"2025-02-02T10:29:21+00:00\",\"breadcrumb\":{\"@id\":\"https:\\\/\\\/www.samie38.fr\\\/index.php\\\/table-ronde-avril-2025\\\/#breadcrumb\"},\"inLanguage\":\"fr-FR\",\"potentialAction\":[{\"@type\":\"ReadAction\",\"target\":[\"https:\\\/\\\/www.samie38.fr\\\/index.php\\\/table-ronde-avril-2025\\\/\"]}]},{\"@type\":\"BreadcrumbList\",\"@id\":\"https:\\\/\\\/www.samie38.fr\\\/index.php\\\/table-ronde-avril-2025\\\/#breadcrumb\",\"itemListElement\":[{\"@type\":\"ListItem\",\"position\":1,\"name\":\"Accueil\",\"item\":\"https:\\\/\\\/www.samie38.fr\\\/\"},{\"@type\":\"ListItem\",\"position\":2,\"name\":\"Table ronde avril 2025\"}]},{\"@type\":\"WebSite\",\"@id\":\"https:\\\/\\\/www.samie38.fr\\\/#website\",\"url\":\"https:\\\/\\\/www.samie38.fr\\\/\",\"name\":\"Samie - Le salon du mieux-\u00eatre\",\"description\":\"\",\"publisher\":{\"@id\":\"https:\\\/\\\/www.samie38.fr\\\/#organization\"},\"potentialAction\":[{\"@type\":\"SearchAction\",\"target\":{\"@type\":\"EntryPoint\",\"urlTemplate\":\"https:\\\/\\\/www.samie38.fr\\\/?s={search_term_string}\"},\"query-input\":{\"@type\":\"PropertyValueSpecification\",\"valueRequired\":true,\"valueName\":\"search_term_string\"}}],\"inLanguage\":\"fr-FR\"},{\"@type\":\"Organization\",\"@id\":\"https:\\\/\\\/www.samie38.fr\\\/#organization\",\"name\":\"Samie - Le salon du mieux-\u00eatre\",\"url\":\"https:\\\/\\\/www.samie38.fr\\\/\",\"logo\":{\"@type\":\"ImageObject\",\"inLanguage\":\"fr-FR\",\"@id\":\"https:\\\/\\\/www.samie38.fr\\\/#\\\/schema\\\/logo\\\/image\\\/\",\"url\":\"https:\\\/\\\/www.samie38.fr\\\/wp-content\\\/uploads\\\/2023\\\/04\\\/Banniere-3-e1719984867829.gif\",\"contentUrl\":\"https:\\\/\\\/www.samie38.fr\\\/wp-content\\\/uploads\\\/2023\\\/04\\\/Banniere-3-e1719984867829.gif\",\"width\":900,\"height\":300,\"caption\":\"Samie - Le salon du mieux-\u00eatre\"},\"image\":{\"@id\":\"https:\\\/\\\/www.samie38.fr\\\/#\\\/schema\\\/logo\\\/image\\\/\"},\"sameAs\":[\"https:\\\/\\\/www.facebook.com\\\/samie38\\\/\"]}]}<\/script>\n<!-- \/ Yoast SEO plugin. -->","yoast_head_json":{"title":"Table ronde avril 2025 - Samie - Le salon du mieux-\u00eatre","robots":{"index":"index","follow":"follow","max-snippet":"max-snippet:-1","max-image-preview":"max-image-preview:large","max-video-preview":"max-video-preview:-1"},"canonical":"https:\/\/www.samie38.fr\/index.php\/table-ronde-avril-2025\/","og_locale":"fr_FR","og_type":"article","og_title":"Table ronde avril 2025 - Samie - Le salon du mieux-\u00eatre","og_description":"La table ronde Nous vous proposons une table ronde de 18h30 \u00e0 20h30 le samedi 12 avril 2025. Cette table ronde se tiendra dans l&rsquo;espace conf\u00e9rence. L&rsquo;objectif est de proposer une r\u00e9ponse \u00e0 360\u00b0 sur une probl\u00e9matique donn\u00e9e, de cr\u00e9er et d\u2019ouvrir sur des \u00e9changes pluridisciplinaires.\u00a0Nous avons identifi\u00e9 4 domaines principaux\u00a0: \u00c9nerg\u00e9tique Corporel Environnemental D\u00e9veloppement [&hellip;]","og_url":"https:\/\/www.samie38.fr\/index.php\/table-ronde-avril-2025\/","og_site_name":"Samie - Le salon du mieux-\u00eatre","article_publisher":"https:\/\/www.facebook.com\/samie38\/","article_modified_time":"2025-02-02T10:29:21+00:00","twitter_card":"summary_large_image","twitter_misc":{"Dur\u00e9e de lecture estim\u00e9e":"1 minute"},"schema":{"@context":"https:\/\/schema.org","@graph":[{"@type":"WebPage","@id":"https:\/\/www.samie38.fr\/index.php\/table-ronde-avril-2025\/","url":"https:\/\/www.samie38.fr\/index.php\/table-ronde-avril-2025\/","name":"Table ronde avril 2025 - Samie - Le salon du mieux-\u00eatre","isPartOf":{"@id":"https:\/\/www.samie38.fr\/#website"},"datePublished":"2025-02-02T10:23:59+00:00","dateModified":"2025-02-02T10:29:21+00:00","breadcrumb":{"@id":"https:\/\/www.samie38.fr\/index.php\/table-ronde-avril-2025\/#breadcrumb"},"inLanguage":"fr-FR","potentialAction":[{"@type":"ReadAction","target":["https:\/\/www.samie38.fr\/index.php\/table-ronde-avril-2025\/"]}]},{"@type":"BreadcrumbList","@id":"https:\/\/www.samie38.fr\/index.php\/table-ronde-avril-2025\/#breadcrumb","itemListElement":[{"@type":"ListItem","position":1,"name":"Accueil","item":"https:\/\/www.samie38.fr\/"},{"@type":"ListItem","position":2,"name":"Table ronde avril 2025"}]},{"@type":"WebSite","@id":"https:\/\/www.samie38.fr\/#website","url":"https:\/\/www.samie38.fr\/","name":"Samie - Le salon du mieux-\u00eatre","description":"","publisher":{"@id":"https:\/\/www.samie38.fr\/#organization"},"potentialAction":[{"@type":"SearchAction","target":{"@type":"EntryPoint","urlTemplate":"https:\/\/www.samie38.fr\/?s={search_term_string}"},"query-input":{"@type":"PropertyValueSpecification","valueRequired":true,"valueName":"search_term_string"}}],"inLanguage":"fr-FR"},{"@type":"Organization","@id":"https:\/\/www.samie38.fr\/#organization","name":"Samie - Le salon du mieux-\u00eatre","url":"https:\/\/www.samie38.fr\/","logo":{"@type":"ImageObject","inLanguage":"fr-FR","@id":"https:\/\/www.samie38.fr\/#\/schema\/logo\/image\/","url":"https:\/\/www.samie38.fr\/wp-content\/uploads\/2023\/04\/Banniere-3-e1719984867829.gif","contentUrl":"https:\/\/www.samie38.fr\/wp-content\/uploads\/2023\/04\/Banniere-3-e1719984867829.gif","width":900,"height":300,"caption":"Samie - Le salon du mieux-\u00eatre"},"image":{"@id":"https:\/\/www.samie38.fr\/#\/schema\/logo\/image\/"},"sameAs":["https:\/\/www.facebook.com\/samie38\/"]}]}},"jetpack_sharing_enabled":true,"_links":{"self":[{"href":"https:\/\/www.samie38.fr\/index.php\/wp-json\/wp\/v2\/pages\/5068","targetHints":{"allow":["GET"]}}],"collection":[{"href":"https:\/\/www.samie38.fr\/index.php\/wp-json\/wp\/v2\/pages"}],"about":[{"href":"https:\/\/www.samie38.fr\/index.php\/wp-json\/wp\/v2\/types\/page"}],"author":[{"embeddable":true,"href":"https:\/\/www.samie38.fr\/index.php\/wp-json\/wp\/v2\/users\/1"}],"replies":[{"embeddable":true,"href":"https:\/\/www.samie38.fr\/index.php\/wp-json\/wp\/v2\/comments?post=5068"}],"version-history":[{"count":5,"href":"https:\/\/www.samie38.fr\/index.php\/wp-json\/wp\/v2\/pages\/5068\/revisions"}],"predecessor-version":[{"id":5073,"href":"https:\/\/www.samie38.fr\/index.php\/wp-json\/wp\/v2\/pages\/5068\/revisions\/5073"}],"wp:attachment":[{"href":"https:\/\/www.samie38.fr\/index.php\/wp-json\/wp\/v2\/media?parent=5068"}],"curies":[{"name":"wp","href":"https:\/\/api.w.org\/{rel}","templated":true}]}}

<div data-elementor-type="wp-page" data-elementor-id="5068" class="elementor elementor-5068" data-elementor-post-type="page">
						<section class="elementor-section elementor-top-section elementor-element elementor-element-ff3ad3d elementor-section-boxed elementor-section-height-default elementor-section-height-default" data-id="ff3ad3d" data-element_type="section" data-e-type="section">
						<div class="elementor-container elementor-column-gap-default">
					<div class="elementor-column elementor-col-100 elementor-top-column elementor-element elementor-element-6628ba3" data-id="6628ba3" data-element_type="column" data-e-type="column">
			<div class="elementor-widget-wrap elementor-element-populated">
						<div class="elementor-element elementor-element-94257d3 elementor-widget elementor-widget-heading" data-id="94257d3" data-element_type="widget" data-e-type="widget" data-widget_type="heading.default">
				<div class="elementor-widget-container">
					<h2 class="elementor-heading-title elementor-size-default">La table ronde</h2>				</div>
				</div>
					</div>
		</div>
					</div>
		</section>
				<section class="elementor-section elementor-top-section elementor-element elementor-element-38ab07e elementor-section-boxed elementor-section-height-default elementor-section-height-default" data-id="38ab07e" data-element_type="section" data-e-type="section">
						<div class="elementor-container elementor-column-gap-default">
					<div class="elementor-column elementor-col-100 elementor-top-column elementor-element elementor-element-98fb1d3" data-id="98fb1d3" data-element_type="column" data-e-type="column">
			<div class="elementor-widget-wrap elementor-element-populated">
						<div class="elementor-element elementor-element-f9ae7b7 elementor-widget elementor-widget-text-editor" data-id="f9ae7b7" data-element_type="widget" data-e-type="widget" data-widget_type="text-editor.default">
				<div class="elementor-widget-container">
									<h3>Nous vous proposons une</h3><h3><span style="color: #99cc00;">table ronde de 18h30 à 20h30 le samedi 12 avril 2025.</span></h3><p>Cette table ronde se tiendra dans l&rsquo;espace conférence.</p><div>L&rsquo;objectif est de proposer une réponse à 360° sur une problématique donnée, de créer et d’ouvrir sur des échanges pluridisciplinaires.</div><div> </div><div>Nous avons identifié 4 domaines principaux :</div><ul><li>Énergétique</li><li>Corporel</li><li>Environnemental</li><li>Développement personnel : astrologie, numérologie, cartomancie, coaching…</li></ul><p> </p><div>Chaque visiteur désireux de participer à la table ronde pourra proposer une question. Elles seront notées par écrit à l’accueil tout au long de la journée de samedi.</div><div> </div><div>Lors de la table ronde, une question sera tirée au sort. L’animateur demandera aux intervenants, de proposer une réponse en lien avec sa spécialité.</div><div> </div><div>Chaque question sera traitée pendant environ 15 minutes. L’idée n’est pas de solutionner cette question mais de proposer des pistes en lien avec les spécialités respectives des intervenants.</div><div> </div><div>Tout dépend donc de votre participation, par vos questions et votre présence samedi en fin de journée.</div><div> </div><div>Nous espérons que cette idée saura vous séduire et que vous serez nombreux à être présent à cette table ronde.</div>								</div>
				</div>
					</div>
		</div>
					</div>
		</section>
				</div>

<p>La table ronde Nous vous proposons une table ronde de 18h30 à 20h30 le samedi 12 avril 2025. Cette table ronde se tiendra dans l&rsquo;espace conférence. L&rsquo;objectif est de proposer une réponse à 360° sur une problématique donnée, de créer et d’ouvrir sur des échanges pluridisciplinaires. Nous avons identifié 4 domaines principaux : Énergétique Corporel Environnemental Développement [&hellip;]</p>

<!-- This site is optimized with the Yoast SEO plugin v27.4 - https://yoast.com/product/yoast-seo-wordpress/ -->
<title>Table ronde avril 2025 - Samie - Le salon du mieux-être</title>
<meta name="robots" content="index, follow, max-snippet:-1, max-image-preview:large, max-video-preview:-1" />
<link rel="canonical" href="https://www.samie38.fr/index.php/table-ronde-avril-2025/" />
<meta property="og:locale" content="fr_FR" />
<meta property="og:type" content="article" />
<meta property="og:title" content="Table ronde avril 2025 - Samie - Le salon du mieux-être" />
<meta property="og:description" content="La table ronde Nous vous proposons une table ronde de 18h30 à 20h30 le samedi 12 avril 2025. Cette table ronde se tiendra dans l&rsquo;espace conférence. L&rsquo;objectif est de proposer une réponse à 360° sur une problématique donnée, de créer et d’ouvrir sur des échanges pluridisciplinaires. Nous avons identifié 4 domaines principaux : Énergétique Corporel Environnemental Développement [&hellip;]" />
<meta property="og:url" content="https://www.samie38.fr/index.php/table-ronde-avril-2025/" />
<meta property="og:site_name" content="Samie - Le salon du mieux-être" />
<meta property="article:publisher" content="https://www.facebook.com/samie38/" />
<meta property="article:modified_time" content="2025-02-02T10:29:21+00:00" />
<meta name="twitter:card" content="summary_large_image" />
<meta name="twitter:label1" content="Durée de lecture estimée" />
	<meta name="twitter:data1" content="1 minute" />
<script type="application/ld+json" class="yoast-schema-graph">{"@context":"https:\/\/schema.org","@graph":[{"@type":"WebPage","@id":"https:\/\/www.samie38.fr\/index.php\/table-ronde-avril-2025\/","url":"https:\/\/www.samie38.fr\/index.php\/table-ronde-avril-2025\/","name":"Table ronde avril 2025 - Samie - Le salon du mieux-être","isPartOf":{"@id":"https:\/\/www.samie38.fr\/#website"},"datePublished":"2025-02-02T10:23:59+00:00","dateModified":"2025-02-02T10:29:21+00:00","breadcrumb":{"@id":"https:\/\/www.samie38.fr\/index.php\/table-ronde-avril-2025\/#breadcrumb"},"inLanguage":"fr-FR","potentialAction":[{"@type":"ReadAction","target":["https:\/\/www.samie38.fr\/index.php\/table-ronde-avril-2025\/"]}]},{"@type":"BreadcrumbList","@id":"https:\/\/www.samie38.fr\/index.php\/table-ronde-avril-2025\/#breadcrumb","itemListElement":[{"@type":"ListItem","position":1,"name":"Accueil","item":"https:\/\/www.samie38.fr\/"},{"@type":"ListItem","position":2,"name":"Table ronde avril 2025"}]},{"@type":"WebSite","@id":"https:\/\/www.samie38.fr\/#website","url":"https:\/\/www.samie38.fr\/","name":"Samie - Le salon du mieux-être","description":"","publisher":{"@id":"https:\/\/www.samie38.fr\/#organization"},"potentialAction":[{"@type":"SearchAction","target":{"@type":"EntryPoint","urlTemplate":"https:\/\/www.samie38.fr\/?s={search_term_string}"},"query-input":{"@type":"PropertyValueSpecification","valueRequired":true,"valueName":"search_term_string"}}],"inLanguage":"fr-FR"},{"@type":"Organization","@id":"https:\/\/www.samie38.fr\/#organization","name":"Samie - Le salon du mieux-être","url":"https:\/\/www.samie38.fr\/","logo":{"@type":"ImageObject","inLanguage":"fr-FR","@id":"https:\/\/www.samie38.fr\/#\/schema\/logo\/image\/","url":"https:\/\/www.samie38.fr\/wp-content\/uploads\/2023\/04\/Banniere-3-e1719984867829.gif","contentUrl":"https:\/\/www.samie38.fr\/wp-content\/uploads\/2023\/04\/Banniere-3-e1719984867829.gif","width":900,"height":300,"caption":"Samie - Le salon du mieux-être"},"image":{"@id":"https:\/\/www.samie38.fr\/#\/schema\/logo\/image\/"},"sameAs":["https:\/\/www.facebook.com\/samie38\/"]}]}</script>
<!-- / Yoast SEO plugin. -->

Table ronde avril 2025 - Samie - Le salon du mieux-être

La table ronde Nous vous proposons une table ronde de 18h30 à 20h30 le samedi 12 avril 2025. Cette table ronde se tiendra dans l&rsquo;espace conférence. L&rsquo;objectif est de proposer une réponse à 360° sur une problématique donnée, de créer et d’ouvrir sur des échanges pluridisciplinaires. Nous avons identifié 4 domaines principaux : Énergétique Corporel Environnemental Développement [&hellip;]

Samie - Le salon du mieux-être
