{"id":7958,"date":"2025-08-13T07:19:26","date_gmt":"2025-08-13T05:19:26","guid":{"rendered":"https:\/\/www.samie38.fr\/?page_id=7958"},"modified":"2026-01-09T09:58:03","modified_gmt":"2026-01-09T08:58:03","slug":"prelude-octobre-2025","status":"publish","type":"page","link":"https:\/\/www.samie38.fr\/index.php\/edition-octobre-2025\/prelude-octobre-2025\/","title":{"rendered":"Pr\u00e9lude octobre 2025"},"content":{"rendered":"\t\t<div data-elementor-type=\"wp-page\" data-elementor-id=\"7958\" class=\"elementor elementor-7958\" data-elementor-post-type=\"page\">\n\t\t\t\t\t\t<section class=\"elementor-section elementor-top-section elementor-element elementor-element-3c3d411 elementor-section-boxed elementor-section-height-default elementor-section-height-default\" data-id=\"3c3d411\" data-element_type=\"section\" data-e-type=\"section\">\n\t\t\t\t\t\t<div class=\"elementor-container elementor-column-gap-default\">\n\t\t\t\t\t<div class=\"elementor-column elementor-col-100 elementor-top-column elementor-element elementor-element-d381c1b\" data-id=\"d381c1b\" data-element_type=\"column\" data-e-type=\"column\">\n\t\t\t<div class=\"elementor-widget-wrap elementor-element-populated\">\n\t\t\t\t\t\t<div class=\"elementor-element elementor-element-d4e66a3 elementor-widget elementor-widget-heading\" data-id=\"d4e66a3\" data-element_type=\"widget\" data-e-type=\"widget\" data-widget_type=\"heading.default\">\n\t\t\t\t<div class=\"elementor-widget-container\">\n\t\t\t\t\t<h1 class=\"elementor-heading-title elementor-size-default\">LE PRELUDE DE SAMIE<\/h1>\t\t\t\t<\/div>\n\t\t\t\t<\/div>\n\t\t\t\t\t<\/div>\n\t\t<\/div>\n\t\t\t\t\t<\/div>\n\t\t<\/section>\n\t\t\t\t<section class=\"elementor-section elementor-top-section elementor-element elementor-element-efc2a43 elementor-section-boxed elementor-section-height-default elementor-section-height-default\" data-id=\"efc2a43\" data-element_type=\"section\" data-e-type=\"section\">\n\t\t\t\t\t\t<div class=\"elementor-container elementor-column-gap-default\">\n\t\t\t\t\t<div class=\"elementor-column elementor-col-33 elementor-top-column elementor-element elementor-element-14055ef\" data-id=\"14055ef\" data-element_type=\"column\" data-e-type=\"column\">\n\t\t\t<div class=\"elementor-widget-wrap elementor-element-populated\">\n\t\t\t\t\t\t<div class=\"elementor-element elementor-element-cf5f892 elementor-widget elementor-widget-image\" data-id=\"cf5f892\" data-element_type=\"widget\" data-e-type=\"widget\" data-widget_type=\"image.default\">\n\t\t\t\t<div class=\"elementor-widget-container\">\n\t\t\t\t\t\t\t\t\t\t\t\t\t\t\t\t<a href=\"http:\/\/www.samie38.fr\/wp-content\/uploads\/2025\/08\/Prelude-de-SAMIE-scaled.jpg\" data-elementor-open-lightbox=\"yes\" data-elementor-lightbox-title=\"Pr\u00e9lude de SAMIE\" data-e-action-hash=\"#elementor-action%3Aaction%3Dlightbox%26settings%3DeyJpZCI6ODAzMywidXJsIjoiaHR0cHM6XC9cL3d3dy5zYW1pZTM4LmZyXC93cC1jb250ZW50XC91cGxvYWRzXC8yMDI1XC8wOFwvUHJlbHVkZS1kZS1TQU1JRS1zY2FsZWQud2VicCJ9\">\n\t\t\t\t\t\t\t<img fetchpriority=\"high\" decoding=\"async\" width=\"1358\" height=\"1920\" src=\"https:\/\/www.samie38.fr\/wp-content\/uploads\/2025\/08\/Prelude-de-SAMIE-scaled.webp\" class=\"attachment-full size-full wp-image-8033\" alt=\"\" srcset=\"https:\/\/www.samie38.fr\/wp-content\/uploads\/2025\/08\/Prelude-de-SAMIE-scaled.webp 1358w, https:\/\/www.samie38.fr\/wp-content\/uploads\/2025\/08\/Prelude-de-SAMIE-212x300.webp 212w, https:\/\/www.samie38.fr\/wp-content\/uploads\/2025\/08\/Prelude-de-SAMIE-724x1024.webp 724w, https:\/\/www.samie38.fr\/wp-content\/uploads\/2025\/08\/Prelude-de-SAMIE-768x1086.webp 768w, https:\/\/www.samie38.fr\/wp-content\/uploads\/2025\/08\/Prelude-de-SAMIE-1086x1536.webp 1086w\" sizes=\"(max-width: 1358px) 100vw, 1358px\" \/>\t\t\t\t\t\t\t\t<\/a>\n\t\t\t\t\t\t\t\t\t\t\t\t\t\t\t<\/div>\n\t\t\t\t<\/div>\n\t\t\t\t\t<\/div>\n\t\t<\/div>\n\t\t\t\t<div class=\"elementor-column elementor-col-66 elementor-top-column elementor-element elementor-element-a78c92f\" data-id=\"a78c92f\" data-element_type=\"column\" data-e-type=\"column\">\n\t\t\t<div class=\"elementor-widget-wrap elementor-element-populated\">\n\t\t\t\t\t\t<div class=\"elementor-element elementor-element-5a9c896 elementor-widget elementor-widget-text-editor\" data-id=\"5a9c896\" data-element_type=\"widget\" data-e-type=\"widget\" data-widget_type=\"text-editor.default\">\n\t\t\t\t<div class=\"elementor-widget-container\">\n\t\t\t\t\t\t\t\t\t<h1 style=\"text-align: center;\"><strong><span style=\"color: #993300;\">VENDREDI 17 OCTOBRE 2025<\/span><\/strong><\/h1>\t\t\t\t\t\t\t\t<\/div>\n\t\t\t\t<\/div>\n\t\t\t\t<div class=\"elementor-element elementor-element-cf85c68 elementor-widget elementor-widget-text-editor\" data-id=\"cf85c68\" data-element_type=\"widget\" data-e-type=\"widget\" data-widget_type=\"text-editor.default\">\n\t\t\t\t<div class=\"elementor-widget-container\">\n\t\t\t\t\t\t\t\t\t<p>L&rsquo;association UNIS VERS COEUR propose en partenariat avec le salon SAMIE une demi-journ\u00e9e de conf\u00e9rence, table ronde et atelier.<\/p><p>Au programme :\u00a0<\/p><p>15h &#8211; 17h : Un atelier de d\u00e9couverte du yoga du rire avec une conf\u00e9rence sur la sant\u00e9 mentale, propos\u00e9 par Isabelle PEYTOUR<\/p><p>18H &#8211; 19H30 : Une conf\u00e9rence de Rolande GAUTIER sur les sources et fontaines sacr\u00e9es.<\/p><p>20h &#8211; 22 h : Une table ronde avec Christelle MIELE (la Chamane), Cyril ESCAMEZ ( le berger) et Fran\u00e7ois ( le philosophe)<\/p>\t\t\t\t\t\t\t\t<\/div>\n\t\t\t\t<\/div>\n\t\t\t\t\t<\/div>\n\t\t<\/div>\n\t\t\t\t\t<\/div>\n\t\t<\/section>\n\t\t\t\t<section class=\"elementor-section elementor-top-section elementor-element elementor-element-e920f75 elementor-section-boxed elementor-section-height-default elementor-section-height-default\" data-id=\"e920f75\" data-element_type=\"section\" data-e-type=\"section\">\n\t\t\t\t\t\t<div class=\"elementor-container elementor-column-gap-default\">\n\t\t\t\t\t<div class=\"elementor-column elementor-col-50 elementor-top-column elementor-element elementor-element-13ee07b\" data-id=\"13ee07b\" data-element_type=\"column\" data-e-type=\"column\">\n\t\t\t<div class=\"elementor-widget-wrap elementor-element-populated\">\n\t\t\t\t\t\t<div class=\"elementor-element elementor-element-2f71009 elementor-widget elementor-widget-text-editor\" data-id=\"2f71009\" data-element_type=\"widget\" data-e-type=\"widget\" data-widget_type=\"text-editor.default\">\n\t\t\t\t<div class=\"elementor-widget-container\">\n\t\t\t\t\t\t\t\t\t<h3><span style=\"color: #993300;\"><strong>LIEU : salle de LA VERRIERE<\/strong><\/span><\/h3><p>Cette salle vitr\u00e9e est situ\u00e9e derri\u00e8re l\u2019office de tourisme de Villard de Lans.<\/p><p>Adresse de l&rsquo;Office de Tourisme : 31 avenue du G\u00e9n\u00e9ral de Gaulle, 38250 Villard de Lans<\/p>\t\t\t\t\t\t\t\t<\/div>\n\t\t\t\t<\/div>\n\t\t\t\t\t<\/div>\n\t\t<\/div>\n\t\t\t\t<div class=\"elementor-column elementor-col-50 elementor-top-column elementor-element elementor-element-74da7cc\" data-id=\"74da7cc\" data-element_type=\"column\" data-e-type=\"column\">\n\t\t\t<div class=\"elementor-widget-wrap elementor-element-populated\">\n\t\t\t\t\t\t<div class=\"elementor-element elementor-element-2a6b8d8 elementor-widget elementor-widget-google_maps\" data-id=\"2a6b8d8\" data-element_type=\"widget\" data-e-type=\"widget\" data-widget_type=\"google_maps.default\">\n\t\t\t\t<div class=\"elementor-widget-container\">\n\t\t\t\t\t\t\t<div class=\"elementor-custom-embed\">\n\t\t\t<iframe loading=\"lazy\"\n\t\t\t\t\tsrc=\"https:\/\/maps.google.com\/maps?q=31%20avenue%20du%20G%C3%A9n%C3%A9ral%20de%20Gaulle%2C%2038250%20Villard%20de%20Lans&#038;t=m&#038;z=18&#038;output=embed&#038;iwloc=near\"\n\t\t\t\t\ttitle=\"31 avenue du G\u00e9n\u00e9ral de Gaulle, 38250 Villard de Lans\"\n\t\t\t\t\taria-label=\"31 avenue du G\u00e9n\u00e9ral de Gaulle, 38250 Villard de Lans\"\n\t\t\t><\/iframe>\n\t\t<\/div>\n\t\t\t\t\t\t<\/div>\n\t\t\t\t<\/div>\n\t\t\t\t\t<\/div>\n\t\t<\/div>\n\t\t\t\t\t<\/div>\n\t\t<\/section>\n\t\t\t\t<section class=\"elementor-section elementor-top-section elementor-element elementor-element-eba19fb elementor-section-boxed elementor-section-height-default elementor-section-height-default\" data-id=\"eba19fb\" data-element_type=\"section\" data-e-type=\"section\">\n\t\t\t\t\t\t<div class=\"elementor-container elementor-column-gap-default\">\n\t\t\t\t\t<div class=\"elementor-column elementor-col-100 elementor-top-column elementor-element elementor-element-9cf6415\" data-id=\"9cf6415\" data-element_type=\"column\" data-e-type=\"column\">\n\t\t\t<div class=\"elementor-widget-wrap elementor-element-populated\">\n\t\t\t\t\t\t<div class=\"elementor-element elementor-element-6f566bb elementor-arrows-position-inside elementor-pagination-position-outside elementor-widget elementor-widget-image-carousel\" data-id=\"6f566bb\" data-element_type=\"widget\" data-e-type=\"widget\" data-settings=\"{&quot;slides_to_show&quot;:&quot;6&quot;,&quot;navigation&quot;:&quot;both&quot;,&quot;autoplay&quot;:&quot;yes&quot;,&quot;pause_on_hover&quot;:&quot;yes&quot;,&quot;pause_on_interaction&quot;:&quot;yes&quot;,&quot;autoplay_speed&quot;:5000,&quot;infinite&quot;:&quot;yes&quot;,&quot;speed&quot;:500}\" data-widget_type=\"image-carousel.default\">\n\t\t\t\t<div class=\"elementor-widget-container\">\n\t\t\t\t\t\t\t<div class=\"elementor-image-carousel-wrapper swiper\" role=\"region\" aria-roledescription=\"carousel\" aria-label=\"Carrousel d\u2019images\" dir=\"ltr\">\n\t\t\t<div class=\"elementor-image-carousel swiper-wrapper\" aria-live=\"off\">\n\t\t\t\t\t\t\t\t<div class=\"swiper-slide\" role=\"group\" aria-roledescription=\"slide\" aria-label=\"1 sur 6\"><a data-elementor-open-lightbox=\"yes\" data-elementor-lightbox-slideshow=\"6f566bb\" data-elementor-lightbox-title=\"61\" data-e-action-hash=\"#elementor-action%3Aaction%3Dlightbox%26settings%3DeyJpZCI6ODAyMSwidXJsIjoiaHR0cHM6XC9cL3d3dy5zYW1pZTM4LmZyXC93cC1jb250ZW50XC91cGxvYWRzXC8yMDI1XC8wOFwvNjEud2VicCIsInNsaWRlc2hvdyI6IjZmNTY2YmIifQ%3D%3D\" href=\"https:\/\/www.samie38.fr\/wp-content\/uploads\/2025\/08\/61.webp\"><figure class=\"swiper-slide-inner\"><img decoding=\"async\" class=\"swiper-slide-image\" src=\"https:\/\/www.samie38.fr\/wp-content\/uploads\/2025\/08\/61-300x300.webp\" alt=\"61\" \/><\/figure><\/a><\/div><div class=\"swiper-slide\" role=\"group\" aria-roledescription=\"slide\" aria-label=\"2 sur 6\"><a data-elementor-open-lightbox=\"yes\" data-elementor-lightbox-slideshow=\"6f566bb\" data-elementor-lightbox-title=\"62\" data-e-action-hash=\"#elementor-action%3Aaction%3Dlightbox%26settings%3DeyJpZCI6ODAyMiwidXJsIjoiaHR0cHM6XC9cL3d3dy5zYW1pZTM4LmZyXC93cC1jb250ZW50XC91cGxvYWRzXC8yMDI1XC8wOFwvNjIud2VicCIsInNsaWRlc2hvdyI6IjZmNTY2YmIifQ%3D%3D\" href=\"https:\/\/www.samie38.fr\/wp-content\/uploads\/2025\/08\/62.webp\"><figure class=\"swiper-slide-inner\"><img decoding=\"async\" class=\"swiper-slide-image\" src=\"https:\/\/www.samie38.fr\/wp-content\/uploads\/2025\/08\/62-300x300.webp\" alt=\"62\" \/><\/figure><\/a><\/div><div class=\"swiper-slide\" role=\"group\" aria-roledescription=\"slide\" aria-label=\"3 sur 6\"><a data-elementor-open-lightbox=\"yes\" data-elementor-lightbox-slideshow=\"6f566bb\" data-elementor-lightbox-title=\"63\" data-e-action-hash=\"#elementor-action%3Aaction%3Dlightbox%26settings%3DeyJpZCI6ODAyMywidXJsIjoiaHR0cHM6XC9cL3d3dy5zYW1pZTM4LmZyXC93cC1jb250ZW50XC91cGxvYWRzXC8yMDI1XC8wOFwvNjMud2VicCIsInNsaWRlc2hvdyI6IjZmNTY2YmIifQ%3D%3D\" href=\"https:\/\/www.samie38.fr\/wp-content\/uploads\/2025\/08\/63.webp\"><figure class=\"swiper-slide-inner\"><img decoding=\"async\" class=\"swiper-slide-image\" src=\"https:\/\/www.samie38.fr\/wp-content\/uploads\/2025\/08\/63-300x300.webp\" alt=\"63\" \/><\/figure><\/a><\/div><div class=\"swiper-slide\" role=\"group\" aria-roledescription=\"slide\" aria-label=\"4 sur 6\"><a data-elementor-open-lightbox=\"yes\" data-elementor-lightbox-slideshow=\"6f566bb\" data-elementor-lightbox-title=\"64\" data-e-action-hash=\"#elementor-action%3Aaction%3Dlightbox%26settings%3DeyJpZCI6ODAyNCwidXJsIjoiaHR0cHM6XC9cL3d3dy5zYW1pZTM4LmZyXC93cC1jb250ZW50XC91cGxvYWRzXC8yMDI1XC8wOFwvNjQud2VicCIsInNsaWRlc2hvdyI6IjZmNTY2YmIifQ%3D%3D\" href=\"https:\/\/www.samie38.fr\/wp-content\/uploads\/2025\/08\/64.webp\"><figure class=\"swiper-slide-inner\"><img decoding=\"async\" class=\"swiper-slide-image\" src=\"https:\/\/www.samie38.fr\/wp-content\/uploads\/2025\/08\/64-300x300.webp\" alt=\"64\" \/><\/figure><\/a><\/div><div class=\"swiper-slide\" role=\"group\" aria-roledescription=\"slide\" aria-label=\"5 sur 6\"><a data-elementor-open-lightbox=\"yes\" data-elementor-lightbox-slideshow=\"6f566bb\" data-elementor-lightbox-title=\"65\" data-e-action-hash=\"#elementor-action%3Aaction%3Dlightbox%26settings%3DeyJpZCI6ODAyNSwidXJsIjoiaHR0cHM6XC9cL3d3dy5zYW1pZTM4LmZyXC93cC1jb250ZW50XC91cGxvYWRzXC8yMDI1XC8wOFwvNjUuanBnIiwic2xpZGVzaG93IjoiNmY1NjZiYiJ9\" href=\"https:\/\/www.samie38.fr\/wp-content\/uploads\/2025\/08\/65.jpg\"><figure class=\"swiper-slide-inner\"><img decoding=\"async\" class=\"swiper-slide-image\" src=\"https:\/\/www.samie38.fr\/wp-content\/uploads\/2025\/08\/65-300x300.jpg\" alt=\"65\" \/><\/figure><\/a><\/div><div class=\"swiper-slide\" role=\"group\" aria-roledescription=\"slide\" aria-label=\"6 sur 6\"><a data-elementor-open-lightbox=\"yes\" data-elementor-lightbox-slideshow=\"6f566bb\" data-elementor-lightbox-title=\"66\" data-e-action-hash=\"#elementor-action%3Aaction%3Dlightbox%26settings%3DeyJpZCI6ODAyNywidXJsIjoiaHR0cHM6XC9cL3d3dy5zYW1pZTM4LmZyXC93cC1jb250ZW50XC91cGxvYWRzXC8yMDI1XC8wOFwvNjYud2VicCIsInNsaWRlc2hvdyI6IjZmNTY2YmIifQ%3D%3D\" href=\"https:\/\/www.samie38.fr\/wp-content\/uploads\/2025\/08\/66.webp\"><figure class=\"swiper-slide-inner\"><img decoding=\"async\" class=\"swiper-slide-image\" src=\"https:\/\/www.samie38.fr\/wp-content\/uploads\/2025\/08\/66-300x300.webp\" alt=\"66\" \/><\/figure><\/a><\/div>\t\t\t<\/div>\n\t\t\t\t\t\t\t\t\t\t\t\t<div class=\"elementor-swiper-button elementor-swiper-button-prev\" role=\"button\" tabindex=\"0\">\n\t\t\t\t\t\t<svg aria-hidden=\"true\" class=\"e-font-icon-svg e-eicon-chevron-left\" viewBox=\"0 0 1000 1000\" xmlns=\"http:\/\/www.w3.org\/2000\/svg\"><path d=\"M646 125C629 125 613 133 604 142L308 442C296 454 292 471 292 487 292 504 296 521 308 533L604 854C617 867 629 875 646 875 663 875 679 871 692 858 704 846 713 829 713 812 713 796 708 779 692 767L438 487 692 225C700 217 708 204 708 187 708 171 704 154 692 142 675 129 663 125 646 125Z\"><\/path><\/svg>\t\t\t\t\t<\/div>\n\t\t\t\t\t<div class=\"elementor-swiper-button elementor-swiper-button-next\" role=\"button\" tabindex=\"0\">\n\t\t\t\t\t\t<svg aria-hidden=\"true\" class=\"e-font-icon-svg e-eicon-chevron-right\" viewBox=\"0 0 1000 1000\" xmlns=\"http:\/\/www.w3.org\/2000\/svg\"><path d=\"M696 533C708 521 713 504 713 487 713 471 708 454 696 446L400 146C388 133 375 125 354 125 338 125 325 129 313 142 300 154 292 171 292 187 292 204 296 221 308 233L563 492 304 771C292 783 288 800 288 817 288 833 296 850 308 863 321 871 338 875 354 875 371 875 388 867 400 854L696 533Z\"><\/path><\/svg>\t\t\t\t\t<\/div>\n\t\t\t\t\n\t\t\t\t\t\t\t\t\t<div class=\"swiper-pagination\"><\/div>\n\t\t\t\t\t\t\t\t\t<\/div>\n\t\t\t\t\t\t<\/div>\n\t\t\t\t<\/div>\n\t\t\t\t\t<\/div>\n\t\t<\/div>\n\t\t\t\t\t<\/div>\n\t\t<\/section>\n\t\t\t\t<\/div>\n\t\t","protected":false},"excerpt":{"rendered":"<p>LE PRELUDE DE SAMIE VENDREDI 17 OCTOBRE 2025 L&rsquo;association UNIS VERS COEUR propose en partenariat avec le salon SAMIE une demi-journ\u00e9e de conf\u00e9rence, table ronde et atelier. Au programme :\u00a0 15h &#8211; 17h : Un atelier de d\u00e9couverte du yoga du rire avec une conf\u00e9rence sur la sant\u00e9 mentale, propos\u00e9 par Isabelle PEYTOUR 18H &#8211; [&hellip;]<\/p>\n","protected":false},"author":1,"featured_media":0,"parent":7761,"menu_order":3,"comment_status":"closed","ping_status":"closed","template":"elementor_header_footer","meta":{"footnotes":""},"class_list":["post-7958","page","type-page","status-publish","hentry"],"yoast_head":"<!-- This site is optimized with the Yoast SEO plugin v27.4 - https:\/\/yoast.com\/product\/yoast-seo-wordpress\/ -->\n<title>Pr\u00e9lude octobre 2025 - Samie - Le salon du mieux-\u00eatre<\/title>\n<meta name=\"robots\" content=\"index, follow, max-snippet:-1, max-image-preview:large, max-video-preview:-1\" \/>\n<link rel=\"canonical\" href=\"https:\/\/www.samie38.fr\/index.php\/edition-octobre-2025\/prelude-octobre-2025\/\" \/>\n<meta property=\"og:locale\" content=\"fr_FR\" \/>\n<meta property=\"og:type\" content=\"article\" \/>\n<meta property=\"og:title\" content=\"Pr\u00e9lude octobre 2025 - Samie - Le salon du mieux-\u00eatre\" \/>\n<meta property=\"og:description\" content=\"LE PRELUDE DE SAMIE VENDREDI 17 OCTOBRE 2025 L&rsquo;association UNIS VERS COEUR propose en partenariat avec le salon SAMIE une demi-journ\u00e9e de conf\u00e9rence, table ronde et atelier. Au programme :\u00a0 15h &#8211; 17h : Un atelier de d\u00e9couverte du yoga du rire avec une conf\u00e9rence sur la sant\u00e9 mentale, propos\u00e9 par Isabelle PEYTOUR 18H &#8211; [&hellip;]\" \/>\n<meta property=\"og:url\" content=\"https:\/\/www.samie38.fr\/index.php\/edition-octobre-2025\/prelude-octobre-2025\/\" \/>\n<meta property=\"og:site_name\" content=\"Samie - Le salon du mieux-\u00eatre\" \/>\n<meta property=\"article:publisher\" content=\"https:\/\/www.facebook.com\/samie38\/\" \/>\n<meta property=\"article:modified_time\" content=\"2026-01-09T08:58:03+00:00\" \/>\n<meta property=\"og:image\" content=\"http:\/\/www.samie38.fr\/wp-content\/uploads\/2025\/08\/Prelude-de-SAMIE-scaled.webp\" \/>\n<meta name=\"twitter:card\" content=\"summary_large_image\" \/>\n<meta name=\"twitter:label1\" content=\"Dur\u00e9e de lecture estim\u00e9e\" \/>\n\t<meta name=\"twitter:data1\" content=\"5 minutes\" \/>\n<script type=\"application\/ld+json\" class=\"yoast-schema-graph\">{\"@context\":\"https:\\\/\\\/schema.org\",\"@graph\":[{\"@type\":\"WebPage\",\"@id\":\"https:\\\/\\\/www.samie38.fr\\\/index.php\\\/edition-octobre-2025\\\/prelude-octobre-2025\\\/\",\"url\":\"https:\\\/\\\/www.samie38.fr\\\/index.php\\\/edition-octobre-2025\\\/prelude-octobre-2025\\\/\",\"name\":\"Pr\u00e9lude octobre 2025 - Samie - Le salon du mieux-\u00eatre\",\"isPartOf\":{\"@id\":\"https:\\\/\\\/www.samie38.fr\\\/#website\"},\"primaryImageOfPage\":{\"@id\":\"https:\\\/\\\/www.samie38.fr\\\/index.php\\\/edition-octobre-2025\\\/prelude-octobre-2025\\\/#primaryimage\"},\"image\":{\"@id\":\"https:\\\/\\\/www.samie38.fr\\\/index.php\\\/edition-octobre-2025\\\/prelude-octobre-2025\\\/#primaryimage\"},\"thumbnailUrl\":\"http:\\\/\\\/www.samie38.fr\\\/wp-content\\\/uploads\\\/2025\\\/08\\\/Prelude-de-SAMIE-scaled.webp\",\"datePublished\":\"2025-08-13T05:19:26+00:00\",\"dateModified\":\"2026-01-09T08:58:03+00:00\",\"breadcrumb\":{\"@id\":\"https:\\\/\\\/www.samie38.fr\\\/index.php\\\/edition-octobre-2025\\\/prelude-octobre-2025\\\/#breadcrumb\"},\"inLanguage\":\"fr-FR\",\"potentialAction\":[{\"@type\":\"ReadAction\",\"target\":[\"https:\\\/\\\/www.samie38.fr\\\/index.php\\\/edition-octobre-2025\\\/prelude-octobre-2025\\\/\"]}]},{\"@type\":\"ImageObject\",\"inLanguage\":\"fr-FR\",\"@id\":\"https:\\\/\\\/www.samie38.fr\\\/index.php\\\/edition-octobre-2025\\\/prelude-octobre-2025\\\/#primaryimage\",\"url\":\"https:\\\/\\\/www.samie38.fr\\\/wp-content\\\/uploads\\\/2025\\\/08\\\/Prelude-de-SAMIE-scaled.webp\",\"contentUrl\":\"https:\\\/\\\/www.samie38.fr\\\/wp-content\\\/uploads\\\/2025\\\/08\\\/Prelude-de-SAMIE-scaled.webp\",\"width\":1358,\"height\":1920},{\"@type\":\"BreadcrumbList\",\"@id\":\"https:\\\/\\\/www.samie38.fr\\\/index.php\\\/edition-octobre-2025\\\/prelude-octobre-2025\\\/#breadcrumb\",\"itemListElement\":[{\"@type\":\"ListItem\",\"position\":1,\"name\":\"Accueil\",\"item\":\"https:\\\/\\\/www.samie38.fr\\\/\"},{\"@type\":\"ListItem\",\"position\":2,\"name\":\"Edition octobre 2025\",\"item\":\"https:\\\/\\\/www.samie38.fr\\\/index.php\\\/edition-octobre-2025\\\/\"},{\"@type\":\"ListItem\",\"position\":3,\"name\":\"Pr\u00e9lude octobre 2025\"}]},{\"@type\":\"WebSite\",\"@id\":\"https:\\\/\\\/www.samie38.fr\\\/#website\",\"url\":\"https:\\\/\\\/www.samie38.fr\\\/\",\"name\":\"Samie - Le salon du mieux-\u00eatre\",\"description\":\"\",\"publisher\":{\"@id\":\"https:\\\/\\\/www.samie38.fr\\\/#organization\"},\"potentialAction\":[{\"@type\":\"SearchAction\",\"target\":{\"@type\":\"EntryPoint\",\"urlTemplate\":\"https:\\\/\\\/www.samie38.fr\\\/?s={search_term_string}\"},\"query-input\":{\"@type\":\"PropertyValueSpecification\",\"valueRequired\":true,\"valueName\":\"search_term_string\"}}],\"inLanguage\":\"fr-FR\"},{\"@type\":\"Organization\",\"@id\":\"https:\\\/\\\/www.samie38.fr\\\/#organization\",\"name\":\"Samie - Le salon du mieux-\u00eatre\",\"url\":\"https:\\\/\\\/www.samie38.fr\\\/\",\"logo\":{\"@type\":\"ImageObject\",\"inLanguage\":\"fr-FR\",\"@id\":\"https:\\\/\\\/www.samie38.fr\\\/#\\\/schema\\\/logo\\\/image\\\/\",\"url\":\"https:\\\/\\\/www.samie38.fr\\\/wp-content\\\/uploads\\\/2023\\\/04\\\/Banniere-3-e1719984867829.gif\",\"contentUrl\":\"https:\\\/\\\/www.samie38.fr\\\/wp-content\\\/uploads\\\/2023\\\/04\\\/Banniere-3-e1719984867829.gif\",\"width\":900,\"height\":300,\"caption\":\"Samie - Le salon du mieux-\u00eatre\"},\"image\":{\"@id\":\"https:\\\/\\\/www.samie38.fr\\\/#\\\/schema\\\/logo\\\/image\\\/\"},\"sameAs\":[\"https:\\\/\\\/www.facebook.com\\\/samie38\\\/\"]}]}<\/script>\n<!-- \/ Yoast SEO plugin. -->","yoast_head_json":{"title":"Pr\u00e9lude octobre 2025 - Samie - Le salon du mieux-\u00eatre","robots":{"index":"index","follow":"follow","max-snippet":"max-snippet:-1","max-image-preview":"max-image-preview:large","max-video-preview":"max-video-preview:-1"},"canonical":"https:\/\/www.samie38.fr\/index.php\/edition-octobre-2025\/prelude-octobre-2025\/","og_locale":"fr_FR","og_type":"article","og_title":"Pr\u00e9lude octobre 2025 - Samie - Le salon du mieux-\u00eatre","og_description":"LE PRELUDE DE SAMIE VENDREDI 17 OCTOBRE 2025 L&rsquo;association UNIS VERS COEUR propose en partenariat avec le salon SAMIE une demi-journ\u00e9e de conf\u00e9rence, table ronde et atelier. Au programme :\u00a0 15h &#8211; 17h : Un atelier de d\u00e9couverte du yoga du rire avec une conf\u00e9rence sur la sant\u00e9 mentale, propos\u00e9 par Isabelle PEYTOUR 18H &#8211; [&hellip;]","og_url":"https:\/\/www.samie38.fr\/index.php\/edition-octobre-2025\/prelude-octobre-2025\/","og_site_name":"Samie - Le salon du mieux-\u00eatre","article_publisher":"https:\/\/www.facebook.com\/samie38\/","article_modified_time":"2026-01-09T08:58:03+00:00","og_image":[{"url":"http:\/\/www.samie38.fr\/wp-content\/uploads\/2025\/08\/Prelude-de-SAMIE-scaled.webp","type":"","width":"","height":""}],"twitter_card":"summary_large_image","twitter_misc":{"Dur\u00e9e de lecture estim\u00e9e":"5 minutes"},"schema":{"@context":"https:\/\/schema.org","@graph":[{"@type":"WebPage","@id":"https:\/\/www.samie38.fr\/index.php\/edition-octobre-2025\/prelude-octobre-2025\/","url":"https:\/\/www.samie38.fr\/index.php\/edition-octobre-2025\/prelude-octobre-2025\/","name":"Pr\u00e9lude octobre 2025 - Samie - Le salon du mieux-\u00eatre","isPartOf":{"@id":"https:\/\/www.samie38.fr\/#website"},"primaryImageOfPage":{"@id":"https:\/\/www.samie38.fr\/index.php\/edition-octobre-2025\/prelude-octobre-2025\/#primaryimage"},"image":{"@id":"https:\/\/www.samie38.fr\/index.php\/edition-octobre-2025\/prelude-octobre-2025\/#primaryimage"},"thumbnailUrl":"http:\/\/www.samie38.fr\/wp-content\/uploads\/2025\/08\/Prelude-de-SAMIE-scaled.webp","datePublished":"2025-08-13T05:19:26+00:00","dateModified":"2026-01-09T08:58:03+00:00","breadcrumb":{"@id":"https:\/\/www.samie38.fr\/index.php\/edition-octobre-2025\/prelude-octobre-2025\/#breadcrumb"},"inLanguage":"fr-FR","potentialAction":[{"@type":"ReadAction","target":["https:\/\/www.samie38.fr\/index.php\/edition-octobre-2025\/prelude-octobre-2025\/"]}]},{"@type":"ImageObject","inLanguage":"fr-FR","@id":"https:\/\/www.samie38.fr\/index.php\/edition-octobre-2025\/prelude-octobre-2025\/#primaryimage","url":"https:\/\/www.samie38.fr\/wp-content\/uploads\/2025\/08\/Prelude-de-SAMIE-scaled.webp","contentUrl":"https:\/\/www.samie38.fr\/wp-content\/uploads\/2025\/08\/Prelude-de-SAMIE-scaled.webp","width":1358,"height":1920},{"@type":"BreadcrumbList","@id":"https:\/\/www.samie38.fr\/index.php\/edition-octobre-2025\/prelude-octobre-2025\/#breadcrumb","itemListElement":[{"@type":"ListItem","position":1,"name":"Accueil","item":"https:\/\/www.samie38.fr\/"},{"@type":"ListItem","position":2,"name":"Edition octobre 2025","item":"https:\/\/www.samie38.fr\/index.php\/edition-octobre-2025\/"},{"@type":"ListItem","position":3,"name":"Pr\u00e9lude octobre 2025"}]},{"@type":"WebSite","@id":"https:\/\/www.samie38.fr\/#website","url":"https:\/\/www.samie38.fr\/","name":"Samie - Le salon du mieux-\u00eatre","description":"","publisher":{"@id":"https:\/\/www.samie38.fr\/#organization"},"potentialAction":[{"@type":"SearchAction","target":{"@type":"EntryPoint","urlTemplate":"https:\/\/www.samie38.fr\/?s={search_term_string}"},"query-input":{"@type":"PropertyValueSpecification","valueRequired":true,"valueName":"search_term_string"}}],"inLanguage":"fr-FR"},{"@type":"Organization","@id":"https:\/\/www.samie38.fr\/#organization","name":"Samie - Le salon du mieux-\u00eatre","url":"https:\/\/www.samie38.fr\/","logo":{"@type":"ImageObject","inLanguage":"fr-FR","@id":"https:\/\/www.samie38.fr\/#\/schema\/logo\/image\/","url":"https:\/\/www.samie38.fr\/wp-content\/uploads\/2023\/04\/Banniere-3-e1719984867829.gif","contentUrl":"https:\/\/www.samie38.fr\/wp-content\/uploads\/2023\/04\/Banniere-3-e1719984867829.gif","width":900,"height":300,"caption":"Samie - Le salon du mieux-\u00eatre"},"image":{"@id":"https:\/\/www.samie38.fr\/#\/schema\/logo\/image\/"},"sameAs":["https:\/\/www.facebook.com\/samie38\/"]}]}},"jetpack_sharing_enabled":true,"_links":{"self":[{"href":"https:\/\/www.samie38.fr\/index.php\/wp-json\/wp\/v2\/pages\/7958","targetHints":{"allow":["GET"]}}],"collection":[{"href":"https:\/\/www.samie38.fr\/index.php\/wp-json\/wp\/v2\/pages"}],"about":[{"href":"https:\/\/www.samie38.fr\/index.php\/wp-json\/wp\/v2\/types\/page"}],"author":[{"embeddable":true,"href":"https:\/\/www.samie38.fr\/index.php\/wp-json\/wp\/v2\/users\/1"}],"replies":[{"embeddable":true,"href":"https:\/\/www.samie38.fr\/index.php\/wp-json\/wp\/v2\/comments?post=7958"}],"version-history":[{"count":54,"href":"https:\/\/www.samie38.fr\/index.php\/wp-json\/wp\/v2\/pages\/7958\/revisions"}],"predecessor-version":[{"id":8050,"href":"https:\/\/www.samie38.fr\/index.php\/wp-json\/wp\/v2\/pages\/7958\/revisions\/8050"}],"up":[{"embeddable":true,"href":"https:\/\/www.samie38.fr\/index.php\/wp-json\/wp\/v2\/pages\/7761"}],"wp:attachment":[{"href":"https:\/\/www.samie38.fr\/index.php\/wp-json\/wp\/v2\/media?parent=7958"}],"curies":[{"name":"wp","href":"https:\/\/api.w.org\/{rel}","templated":true}]}}