{"id":8662,"date":"2025-12-05T15:06:09","date_gmt":"2025-12-05T14:06:09","guid":{"rendered":"https:\/\/www.samie38.fr\/?page_id=8662"},"modified":"2025-12-05T18:28:43","modified_gmt":"2025-12-05T17:28:43","slug":"coin-des-exposants-smh","status":"publish","type":"page","link":"https:\/\/www.samie38.fr\/index.php\/coin-des-exposants-smh\/","title":{"rendered":"coin des exposants SMH"},"content":{"rendered":"\t\t<div data-elementor-type=\"wp-page\" data-elementor-id=\"8662\" class=\"elementor elementor-8662\" data-elementor-post-type=\"page\">\n\t\t\t\t\t\t<section class=\"elementor-section elementor-top-section elementor-element elementor-element-deb1104 elementor-section-boxed elementor-section-height-default elementor-section-height-default\" data-id=\"deb1104\" data-element_type=\"section\" data-e-type=\"section\">\n\t\t\t\t\t\t<div class=\"elementor-container elementor-column-gap-default\">\n\t\t\t\t\t<div class=\"elementor-column elementor-col-100 elementor-top-column elementor-element elementor-element-ba3b26c\" data-id=\"ba3b26c\" data-element_type=\"column\" data-e-type=\"column\">\n\t\t\t<div class=\"elementor-widget-wrap elementor-element-populated\">\n\t\t\t\t\t\t<div class=\"elementor-element elementor-element-e57bd30 elementor-widget elementor-widget-heading\" data-id=\"e57bd30\" data-element_type=\"widget\" data-e-type=\"widget\" data-widget_type=\"heading.default\">\n\t\t\t\t<div class=\"elementor-widget-container\">\n\t\t\t\t\t<h2 class=\"elementor-heading-title elementor-size-default\">Informations pratiques pour les exposants<\/h2>\t\t\t\t<\/div>\n\t\t\t\t<\/div>\n\t\t\t\t<div class=\"elementor-element elementor-element-5fbf520 elementor-widget elementor-widget-text-editor\" data-id=\"5fbf520\" data-element_type=\"widget\" data-e-type=\"widget\" data-widget_type=\"text-editor.default\">\n\t\t\t\t<div class=\"elementor-widget-container\">\n\t\t\t\t\t\t\t\t\t<h5><b>Vous souhaitez participer au <span style=\"color: #99cc00;\">SA<\/span>lon du <span style=\"color: #99cc00;\">MI<\/span>eux <span style=\"color: #99cc00;\">E<\/span>tre <span style=\"color: #99cc00;\">SAMIE<\/span> de Saint Martin d&rsquo;H\u00e8res?<\/b><\/h5>\t\t\t\t\t\t\t\t<\/div>\n\t\t\t\t<\/div>\n\t\t\t\t<div class=\"elementor-element elementor-element-8aae746 elementor-widget elementor-widget-text-editor\" data-id=\"8aae746\" data-element_type=\"widget\" data-e-type=\"widget\" data-widget_type=\"text-editor.default\">\n\t\t\t\t<div class=\"elementor-widget-container\">\n\t\t\t\t\t\t\t\t\t<p>Inscrivez-vous sur la <strong><a href=\"https:\/\/www.samie38.fr\/\" target=\"_blank\" rel=\"noopener\">Newsletter<\/a> <\/strong>en tant qu&rsquo;<span style=\"color: #993366;\"><strong>exposant<\/strong><\/span> sur\u00a0notre site pour recevoir toutes les informations relatives \u00e0 chaque \u00e9dition.<\/p>\t\t\t\t\t\t\t\t<\/div>\n\t\t\t\t<\/div>\n\t\t\t\t<div class=\"elementor-element elementor-element-b57290c elementor-widget elementor-widget-text-editor\" data-id=\"b57290c\" data-element_type=\"widget\" data-e-type=\"widget\" data-widget_type=\"text-editor.default\">\n\t\t\t\t<div class=\"elementor-widget-container\">\n\t\t\t\t\t\t\t\t\t<h1 style=\"text-align: center;\">La prochaine \u00e9dition aura lieu les<\/h1><h1 style=\"text-align: center;\"><span style=\"color: #99cc00;\">21 et 22 mars<\/span>\u00a0<span style=\"color: #99cc00;\">2026<\/span><\/h1>\t\t\t\t\t\t\t\t<\/div>\n\t\t\t\t<\/div>\n\t\t\t\t<div class=\"elementor-element elementor-element-ea62c5a elementor-widget elementor-widget-text-editor\" data-id=\"ea62c5a\" data-element_type=\"widget\" data-e-type=\"widget\" data-widget_type=\"text-editor.default\">\n\t\t\t\t<div class=\"elementor-widget-container\">\n\t\t\t\t\t\t\t\t\t<p>Elle aura lieu au gymnase Voltaire, et propose le type de stand suivant :<\/p><ul><li>Stand simple :<ul><li>2 m de largeur x 2 m de profondeur avec 1 table de 180x 70 cm, 2 chaises et 2 grilles d&rsquo;exposition de 1m x 2m<\/li><\/ul><\/li><li>Stand massage :<ul><li>2,5 m de largeur x 2,5 m de profondeur avec 1 table de 180x 70 cm, 2 chaises et 2 grilles d&rsquo;exposition de 1m x 2m<\/li><\/ul><\/li><li>Stand commerce :<ul><li>3 m de largeur x 2 m de profondeur avec 2 tables de 180x 70 cm, 2 chaises et 2 grilles d&rsquo;exposition de 1m x 2m<\/li><\/ul><\/li><\/ul><p>\u00a0<\/p><p><em>Tarif pour tous les stands :<\/em><\/p><ul><li>120 \u20ac le week end complet<\/li><li>80 \u20ac la journ\u00e9e<\/li><\/ul>\t\t\t\t\t\t\t\t<\/div>\n\t\t\t\t<\/div>\n\t\t\t\t<div class=\"elementor-element elementor-element-2b3c76e elementor-widget elementor-widget-text-editor\" data-id=\"2b3c76e\" data-element_type=\"widget\" data-e-type=\"widget\" data-widget_type=\"text-editor.default\">\n\t\t\t\t<div class=\"elementor-widget-container\">\n\t\t\t\t\t\t\t\t\t<h4 style=\"text-align: left;\">Les inscriptions pour l&rsquo;\u00e9dition de mars 2026 se feront jusqu&rsquo;au 16 d\u00e9cembre 2025.<\/h4><h4>R\u00e9ponse du comit\u00e9 de s\u00e9lection autour du 20 d\u00e9cembre 2025.<\/h4><p>Si vous voulez \u00eatre inform\u00e9 des actualit\u00e9s du salon et notamment recevoir le bulletin d&rsquo;inscription, vous pouvez vous inscrire sur la <strong><a href=\"https:\/\/www.samie38.fr\/\" target=\"_blank\" rel=\"noopener\">Newsletter<\/a><\/strong>\u00a0 <span style=\"color: #993366;\"><strong>Exposant<\/strong><\/span> de notre site en page d&rsquo;accueil.<\/p>\t\t\t\t\t\t\t\t<\/div>\n\t\t\t\t<\/div>\n\t\t\t\t\t<\/div>\n\t\t<\/div>\n\t\t\t\t\t<\/div>\n\t\t<\/section>\n\t\t\t\t<section class=\"elementor-section elementor-top-section elementor-element elementor-element-a5c827b elementor-section-boxed elementor-section-height-default elementor-section-height-default\" data-id=\"a5c827b\" data-element_type=\"section\" data-e-type=\"section\">\n\t\t\t\t\t\t<div class=\"elementor-container elementor-column-gap-default\">\n\t\t\t\t\t<div class=\"elementor-column elementor-col-50 elementor-top-column elementor-element elementor-element-ffaa047\" data-id=\"ffaa047\" data-element_type=\"column\" data-e-type=\"column\">\n\t\t\t<div class=\"elementor-widget-wrap elementor-element-populated\">\n\t\t\t\t\t\t<div class=\"elementor-element elementor-element-06ce6c1 elementor-widget elementor-widget-text-editor\" data-id=\"06ce6c1\" data-element_type=\"widget\" data-e-type=\"widget\" data-widget_type=\"text-editor.default\">\n\t\t\t\t<div class=\"elementor-widget-container\">\n\t\t\t\t\t\t\t\t\t<h2>Questionnaire d&rsquo;inscription<\/h2>\t\t\t\t\t\t\t\t<\/div>\n\t\t\t\t<\/div>\n\t\t\t\t\t<\/div>\n\t\t<\/div>\n\t\t\t\t<div class=\"elementor-column elementor-col-50 elementor-top-column elementor-element elementor-element-81f1125\" data-id=\"81f1125\" data-element_type=\"column\" data-e-type=\"column\">\n\t\t\t<div class=\"elementor-widget-wrap elementor-element-populated\">\n\t\t\t\t\t\t<div class=\"elementor-element elementor-element-10e064a elementor-widget elementor-widget-button\" data-id=\"10e064a\" data-element_type=\"widget\" data-e-type=\"widget\" data-widget_type=\"button.default\">\n\t\t\t\t<div class=\"elementor-widget-container\">\n\t\t\t\t\t\t\t\t\t<div class=\"elementor-button-wrapper\">\n\t\t\t\t\t<a class=\"elementor-button elementor-button-link elementor-size-sm\" href=\"https:\/\/forms.gle\/wHCiLSBUPRfkiStv9\">\n\t\t\t\t\t\t<span class=\"elementor-button-content-wrapper\">\n\t\t\t\t\t\t<span class=\"elementor-button-icon\">\n\t\t\t\t<svg aria-hidden=\"true\" class=\"e-font-icon-svg e-far-arrow-alt-circle-right\" viewBox=\"0 0 512 512\" xmlns=\"http:\/\/www.w3.org\/2000\/svg\"><path d=\"M504 256C504 119 393 8 256 8S8 119 8 256s111 248 248 248 248-111 248-248zm-448 0c0-110.5 89.5-200 200-200s200 89.5 200 200-89.5 200-200 200S56 366.5 56 256zm72 20v-40c0-6.6 5.4-12 12-12h116v-67c0-10.7 12.9-16 20.5-8.5l99 99c4.7 4.7 4.7 12.3 0 17l-99 99c-7.6 7.6-20.5 2.2-20.5-8.5v-67H140c-6.6 0-12-5.4-12-12z\"><\/path><\/svg>\t\t\t<\/span>\n\t\t\t\t\t\t\t\t\t<span class=\"elementor-button-text\">Acc\u00e9der au questionnaire<\/span>\n\t\t\t\t\t<\/span>\n\t\t\t\t\t<\/a>\n\t\t\t\t<\/div>\n\t\t\t\t\t\t\t\t<\/div>\n\t\t\t\t<\/div>\n\t\t\t\t\t<\/div>\n\t\t<\/div>\n\t\t\t\t\t<\/div>\n\t\t<\/section>\n\t\t\t\t<section class=\"elementor-section elementor-top-section elementor-element elementor-element-57a9ed1 elementor-section-boxed elementor-section-height-default elementor-section-height-default\" data-id=\"57a9ed1\" data-element_type=\"section\" data-e-type=\"section\">\n\t\t\t\t\t\t<div class=\"elementor-container elementor-column-gap-default\">\n\t\t\t\t\t<div class=\"elementor-column elementor-col-50 elementor-top-column elementor-element elementor-element-1d48661\" data-id=\"1d48661\" data-element_type=\"column\" data-e-type=\"column\">\n\t\t\t<div class=\"elementor-widget-wrap elementor-element-populated\">\n\t\t\t\t\t\t<div class=\"elementor-element elementor-element-9b249ba elementor-widget elementor-widget-text-editor\" data-id=\"9b249ba\" data-element_type=\"widget\" data-e-type=\"widget\" data-widget_type=\"text-editor.default\">\n\t\t\t\t<div class=\"elementor-widget-container\">\n\t\t\t\t\t\t\t\t\t<p>Vous avez envoyez votre dossier de pr\u00e9-inscription au salon du Mieux \u00eatre de Saint Martin d&rsquo;H\u00e8res qui se tiendra les 21 et 22 mars 2026 ?<\/p><p>La <span style=\"color: #99cc00;\"><strong>r\u00e9ponse du comit\u00e9 de s\u00e9lection<\/strong><\/span> vous parviendra autour du <strong><span style=\"color: #99cc00;\">20 d\u00e9cembre 2025<\/span><\/strong><\/p>\t\t\t\t\t\t\t\t<\/div>\n\t\t\t\t<\/div>\n\t\t\t\t\t<\/div>\n\t\t<\/div>\n\t\t\t\t<div class=\"elementor-column elementor-col-50 elementor-top-column elementor-element elementor-element-aa80ca5\" data-id=\"aa80ca5\" data-element_type=\"column\" data-e-type=\"column\">\n\t\t\t<div class=\"elementor-widget-wrap elementor-element-populated\">\n\t\t\t\t\t\t<div class=\"elementor-element elementor-element-dd4091d elementor-widget elementor-widget-text-editor\" data-id=\"dd4091d\" data-element_type=\"widget\" data-e-type=\"widget\" data-widget_type=\"text-editor.default\">\n\t\t\t\t<div class=\"elementor-widget-container\">\n\t\t\t\t\t\t\t\t\t<p><b>Votre participation a \u00e9t\u00e9 accept\u00e9e ?<\/b>\u00a0<\/p><p>Il vous reste \u00e0 envoyer votre r\u00e8glement\u00a0\u00a0<\/p><ul><li>60 \u20ac d&rsquo;acompte avant le 15 janvier 2026 pour confirmer votre inscription<\/li><li>le solde pour le 1er mars 2026\u00a0<\/li><\/ul><p><em>En cas de non r\u00e8glement complet au 10 mars 2026 et sans nouvelle de votre part, votre participation sera annul\u00e9e, et l&rsquo;acompte conserv\u00e9.<\/em><\/p>\t\t\t\t\t\t\t\t<\/div>\n\t\t\t\t<\/div>\n\t\t\t\t\t<\/div>\n\t\t<\/div>\n\t\t\t\t\t<\/div>\n\t\t<\/section>\n\t\t\t\t<section class=\"elementor-section elementor-top-section elementor-element elementor-element-b430ed1 elementor-section-boxed elementor-section-height-default elementor-section-height-default\" data-id=\"b430ed1\" data-element_type=\"section\" data-e-type=\"section\">\n\t\t\t\t\t\t<div class=\"elementor-container elementor-column-gap-default\">\n\t\t\t\t\t<div class=\"elementor-column elementor-col-100 elementor-top-column elementor-element elementor-element-7b30a54\" data-id=\"7b30a54\" data-element_type=\"column\" data-e-type=\"column\">\n\t\t\t<div class=\"elementor-widget-wrap elementor-element-populated\">\n\t\t\t\t\t\t<section class=\"elementor-section elementor-inner-section elementor-element elementor-element-c7d5e41 elementor-section-boxed elementor-section-height-default elementor-section-height-default\" data-id=\"c7d5e41\" data-element_type=\"section\" data-e-type=\"section\">\n\t\t\t\t\t\t<div class=\"elementor-container elementor-column-gap-default\">\n\t\t\t\t\t<div class=\"elementor-column elementor-col-50 elementor-inner-column elementor-element elementor-element-586f17c\" data-id=\"586f17c\" data-element_type=\"column\" data-e-type=\"column\">\n\t\t\t<div class=\"elementor-widget-wrap elementor-element-populated\">\n\t\t\t\t\t\t<div class=\"elementor-element elementor-element-17efd91 elementor-widget elementor-widget-text-editor\" data-id=\"17efd91\" data-element_type=\"widget\" data-e-type=\"widget\" data-widget_type=\"text-editor.default\">\n\t\t\t\t<div class=\"elementor-widget-container\">\n\t\t\t\t\t\t\t\t\t<p><span style=\"text-decoration: underline;\"><em>R\u00e8glement par ch\u00e8que <\/em><\/span><\/p><p>\u00e0 l&rsquo;ordre de FEMMES D HIMALAYA<\/p><p>Adresse : 10 rue Camille Desmoulins<\/p><p>38400 SAINT MARTIN D&rsquo;HERES<\/p>\t\t\t\t\t\t\t\t<\/div>\n\t\t\t\t<\/div>\n\t\t\t\t\t<\/div>\n\t\t<\/div>\n\t\t\t\t<div class=\"elementor-column elementor-col-50 elementor-inner-column elementor-element elementor-element-3c6038e\" data-id=\"3c6038e\" data-element_type=\"column\" data-e-type=\"column\">\n\t\t\t<div class=\"elementor-widget-wrap elementor-element-populated\">\n\t\t\t\t\t\t<div class=\"elementor-element elementor-element-3748083 elementor-widget elementor-widget-text-editor\" data-id=\"3748083\" data-element_type=\"widget\" data-e-type=\"widget\" data-widget_type=\"text-editor.default\">\n\t\t\t\t<div class=\"elementor-widget-container\">\n\t\t\t\t\t\t\t\t\t<p><span style=\"text-decoration: underline;\"><em>R\u00e8glement par virement<\/em><\/span><\/p><p>IBAN : FR76 1027 8089 2300 0206 7290 173<\/p><p>BIC : CMCIFR2A<\/p>\t\t\t\t\t\t\t\t<\/div>\n\t\t\t\t<\/div>\n\t\t\t\t\t<\/div>\n\t\t<\/div>\n\t\t\t\t\t<\/div>\n\t\t<\/section>\n\t\t\t\t\t<\/div>\n\t\t<\/div>\n\t\t\t\t\t<\/div>\n\t\t<\/section>\n\t\t\t\t<\/div>\n\t\t","protected":false},"excerpt":{"rendered":"<p>Informations pratiques pour les exposants Vous souhaitez participer au SAlon du MIeux Etre SAMIE de Saint Martin d&rsquo;H\u00e8res? Inscrivez-vous sur la Newsletter en tant qu&rsquo;exposant sur\u00a0notre site pour recevoir toutes les informations relatives \u00e0 chaque \u00e9dition. La prochaine \u00e9dition aura lieu les 21 et 22 mars\u00a02026 Elle aura lieu au gymnase Voltaire, et propose le [&hellip;]<\/p>\n","protected":false},"author":1,"featured_media":0,"parent":0,"menu_order":0,"comment_status":"closed","ping_status":"closed","template":"elementor_theme","meta":{"footnotes":""},"class_list":["post-8662","page","type-page","status-publish","hentry"],"yoast_head":"<!-- This site is optimized with the Yoast SEO plugin v27.2 - https:\/\/yoast.com\/product\/yoast-seo-wordpress\/ -->\n<title>coin des exposants SMH - Samie - Le salon du mieux-\u00eatre<\/title>\n<meta name=\"robots\" content=\"index, follow, max-snippet:-1, max-image-preview:large, max-video-preview:-1\" \/>\n<link rel=\"canonical\" href=\"https:\/\/www.samie38.fr\/index.php\/coin-des-exposants-smh\/\" \/>\n<meta property=\"og:locale\" content=\"fr_FR\" \/>\n<meta property=\"og:type\" content=\"article\" \/>\n<meta property=\"og:title\" content=\"coin des exposants SMH - Samie - Le salon du mieux-\u00eatre\" \/>\n<meta property=\"og:description\" content=\"Informations pratiques pour les exposants Vous souhaitez participer au SAlon du MIeux Etre SAMIE de Saint Martin d&rsquo;H\u00e8res? Inscrivez-vous sur la Newsletter en tant qu&rsquo;exposant sur\u00a0notre site pour recevoir toutes les informations relatives \u00e0 chaque \u00e9dition. La prochaine \u00e9dition aura lieu les 21 et 22 mars\u00a02026 Elle aura lieu au gymnase Voltaire, et propose le [&hellip;]\" \/>\n<meta property=\"og:url\" content=\"https:\/\/www.samie38.fr\/index.php\/coin-des-exposants-smh\/\" \/>\n<meta property=\"og:site_name\" content=\"Samie - Le salon du mieux-\u00eatre\" \/>\n<meta property=\"article:publisher\" content=\"https:\/\/www.facebook.com\/samie38\/\" \/>\n<meta property=\"article:modified_time\" content=\"2025-12-05T17:28:43+00:00\" \/>\n<meta name=\"twitter:card\" content=\"summary_large_image\" \/>\n<meta name=\"twitter:label1\" content=\"Dur\u00e9e de lecture estim\u00e9e\" \/>\n\t<meta name=\"twitter:data1\" content=\"2 minutes\" \/>\n<script type=\"application\/ld+json\" class=\"yoast-schema-graph\">{\"@context\":\"https:\/\/schema.org\",\"@graph\":[{\"@type\":\"WebPage\",\"@id\":\"https:\/\/www.samie38.fr\/index.php\/coin-des-exposants-smh\/\",\"url\":\"https:\/\/www.samie38.fr\/index.php\/coin-des-exposants-smh\/\",\"name\":\"coin des exposants SMH - Samie - Le salon du mieux-\u00eatre\",\"isPartOf\":{\"@id\":\"https:\/\/www.samie38.fr\/#website\"},\"datePublished\":\"2025-12-05T14:06:09+00:00\",\"dateModified\":\"2025-12-05T17:28:43+00:00\",\"breadcrumb\":{\"@id\":\"https:\/\/www.samie38.fr\/index.php\/coin-des-exposants-smh\/#breadcrumb\"},\"inLanguage\":\"fr-FR\",\"potentialAction\":[{\"@type\":\"ReadAction\",\"target\":[\"https:\/\/www.samie38.fr\/index.php\/coin-des-exposants-smh\/\"]}]},{\"@type\":\"BreadcrumbList\",\"@id\":\"https:\/\/www.samie38.fr\/index.php\/coin-des-exposants-smh\/#breadcrumb\",\"itemListElement\":[{\"@type\":\"ListItem\",\"position\":1,\"name\":\"Accueil\",\"item\":\"https:\/\/www.samie38.fr\/\"},{\"@type\":\"ListItem\",\"position\":2,\"name\":\"coin des exposants SMH\"}]},{\"@type\":\"WebSite\",\"@id\":\"https:\/\/www.samie38.fr\/#website\",\"url\":\"https:\/\/www.samie38.fr\/\",\"name\":\"Samie - Le salon du mieux-\u00eatre\",\"description\":\"\",\"publisher\":{\"@id\":\"https:\/\/www.samie38.fr\/#organization\"},\"potentialAction\":[{\"@type\":\"SearchAction\",\"target\":{\"@type\":\"EntryPoint\",\"urlTemplate\":\"https:\/\/www.samie38.fr\/?s={search_term_string}\"},\"query-input\":{\"@type\":\"PropertyValueSpecification\",\"valueRequired\":true,\"valueName\":\"search_term_string\"}}],\"inLanguage\":\"fr-FR\"},{\"@type\":\"Organization\",\"@id\":\"https:\/\/www.samie38.fr\/#organization\",\"name\":\"Samie - Le salon du mieux-\u00eatre\",\"url\":\"https:\/\/www.samie38.fr\/\",\"logo\":{\"@type\":\"ImageObject\",\"inLanguage\":\"fr-FR\",\"@id\":\"https:\/\/www.samie38.fr\/#\/schema\/logo\/image\/\",\"url\":\"https:\/\/www.samie38.fr\/wp-content\/uploads\/2023\/04\/Banniere-3-e1719984867829.gif\",\"contentUrl\":\"https:\/\/www.samie38.fr\/wp-content\/uploads\/2023\/04\/Banniere-3-e1719984867829.gif\",\"width\":900,\"height\":300,\"caption\":\"Samie - Le salon du mieux-\u00eatre\"},\"image\":{\"@id\":\"https:\/\/www.samie38.fr\/#\/schema\/logo\/image\/\"},\"sameAs\":[\"https:\/\/www.facebook.com\/samie38\/\"]}]}<\/script>\n<!-- \/ Yoast SEO plugin. -->","yoast_head_json":{"title":"coin des exposants SMH - Samie - Le salon du mieux-\u00eatre","robots":{"index":"index","follow":"follow","max-snippet":"max-snippet:-1","max-image-preview":"max-image-preview:large","max-video-preview":"max-video-preview:-1"},"canonical":"https:\/\/www.samie38.fr\/index.php\/coin-des-exposants-smh\/","og_locale":"fr_FR","og_type":"article","og_title":"coin des exposants SMH - Samie - Le salon du mieux-\u00eatre","og_description":"Informations pratiques pour les exposants Vous souhaitez participer au SAlon du MIeux Etre SAMIE de Saint Martin d&rsquo;H\u00e8res? Inscrivez-vous sur la Newsletter en tant qu&rsquo;exposant sur\u00a0notre site pour recevoir toutes les informations relatives \u00e0 chaque \u00e9dition. La prochaine \u00e9dition aura lieu les 21 et 22 mars\u00a02026 Elle aura lieu au gymnase Voltaire, et propose le [&hellip;]","og_url":"https:\/\/www.samie38.fr\/index.php\/coin-des-exposants-smh\/","og_site_name":"Samie - Le salon du mieux-\u00eatre","article_publisher":"https:\/\/www.facebook.com\/samie38\/","article_modified_time":"2025-12-05T17:28:43+00:00","twitter_card":"summary_large_image","twitter_misc":{"Dur\u00e9e de lecture estim\u00e9e":"2 minutes"},"schema":{"@context":"https:\/\/schema.org","@graph":[{"@type":"WebPage","@id":"https:\/\/www.samie38.fr\/index.php\/coin-des-exposants-smh\/","url":"https:\/\/www.samie38.fr\/index.php\/coin-des-exposants-smh\/","name":"coin des exposants SMH - Samie - Le salon du mieux-\u00eatre","isPartOf":{"@id":"https:\/\/www.samie38.fr\/#website"},"datePublished":"2025-12-05T14:06:09+00:00","dateModified":"2025-12-05T17:28:43+00:00","breadcrumb":{"@id":"https:\/\/www.samie38.fr\/index.php\/coin-des-exposants-smh\/#breadcrumb"},"inLanguage":"fr-FR","potentialAction":[{"@type":"ReadAction","target":["https:\/\/www.samie38.fr\/index.php\/coin-des-exposants-smh\/"]}]},{"@type":"BreadcrumbList","@id":"https:\/\/www.samie38.fr\/index.php\/coin-des-exposants-smh\/#breadcrumb","itemListElement":[{"@type":"ListItem","position":1,"name":"Accueil","item":"https:\/\/www.samie38.fr\/"},{"@type":"ListItem","position":2,"name":"coin des exposants SMH"}]},{"@type":"WebSite","@id":"https:\/\/www.samie38.fr\/#website","url":"https:\/\/www.samie38.fr\/","name":"Samie - Le salon du mieux-\u00eatre","description":"","publisher":{"@id":"https:\/\/www.samie38.fr\/#organization"},"potentialAction":[{"@type":"SearchAction","target":{"@type":"EntryPoint","urlTemplate":"https:\/\/www.samie38.fr\/?s={search_term_string}"},"query-input":{"@type":"PropertyValueSpecification","valueRequired":true,"valueName":"search_term_string"}}],"inLanguage":"fr-FR"},{"@type":"Organization","@id":"https:\/\/www.samie38.fr\/#organization","name":"Samie - Le salon du mieux-\u00eatre","url":"https:\/\/www.samie38.fr\/","logo":{"@type":"ImageObject","inLanguage":"fr-FR","@id":"https:\/\/www.samie38.fr\/#\/schema\/logo\/image\/","url":"https:\/\/www.samie38.fr\/wp-content\/uploads\/2023\/04\/Banniere-3-e1719984867829.gif","contentUrl":"https:\/\/www.samie38.fr\/wp-content\/uploads\/2023\/04\/Banniere-3-e1719984867829.gif","width":900,"height":300,"caption":"Samie - Le salon du mieux-\u00eatre"},"image":{"@id":"https:\/\/www.samie38.fr\/#\/schema\/logo\/image\/"},"sameAs":["https:\/\/www.facebook.com\/samie38\/"]}]}},"jetpack_sharing_enabled":true,"_links":{"self":[{"href":"https:\/\/www.samie38.fr\/index.php\/wp-json\/wp\/v2\/pages\/8662","targetHints":{"allow":["GET"]}}],"collection":[{"href":"https:\/\/www.samie38.fr\/index.php\/wp-json\/wp\/v2\/pages"}],"about":[{"href":"https:\/\/www.samie38.fr\/index.php\/wp-json\/wp\/v2\/types\/page"}],"author":[{"embeddable":true,"href":"https:\/\/www.samie38.fr\/index.php\/wp-json\/wp\/v2\/users\/1"}],"replies":[{"embeddable":true,"href":"https:\/\/www.samie38.fr\/index.php\/wp-json\/wp\/v2\/comments?post=8662"}],"version-history":[{"count":19,"href":"https:\/\/www.samie38.fr\/index.php\/wp-json\/wp\/v2\/pages\/8662\/revisions"}],"predecessor-version":[{"id":8686,"href":"https:\/\/www.samie38.fr\/index.php\/wp-json\/wp\/v2\/pages\/8662\/revisions\/8686"}],"wp:attachment":[{"href":"https:\/\/www.samie38.fr\/index.php\/wp-json\/wp\/v2\/media?parent=8662"}],"curies":[{"name":"wp","href":"https:\/\/api.w.org\/{rel}","templated":true}]}}